*a + 932, -4*a + 8 = -12. List the prime factors of k.
2, 157
Suppose 16*f + 9*s - 30485 = 12*f, -5*f = -4*s - 38091. List the prime factors of f.
19, 401
Suppose 14*d - 12 = 5*h + 11*d, 0 = 5*h + 2*d + 17. Let x be ((-30)/(-5))/2*(-1)/h. List the prime factors of x + 114/(7 - 4) + -2.
37
Let m(c) = -156*c**3 - 3*c**2 - 3*c. Let j = -28 - -39. Suppose 2*f - 1 = -5*t, 4*t = 4*f - 9*f + j. List the prime factors of m(t).
2, 3, 13
Let l(z) = z**2 + 23*z - 30. Suppose -10*a + 101 = -59. List the prime factors of l(a).
2, 3, 11
Suppose 18*m - 13002 - 28074 = 0. Suppose -5*i = -6142 + m. List the prime factors of i.
2, 193
Suppose -9 + 3 = -3*t. Suppose a = -2*a - 6, 4*h - 12 = t*a. Suppose h*x - 75 = -2*x - 5*y, -3*y = 15. What are the prime factors of x?
5
Suppose -16*u + 12*u = -6300. Suppose -u = -5*n - 2*n. Suppose -3*j + 891 = n. What are the prime factors of j?
2, 3, 37
Suppose -127*u = -130*u - 2562. Let f = u + 1723. What are the prime factors of f?
11, 79
Let o be (-6)/(-15) + (-1312)/(-20). Suppose 65 = n + o. What are the prime factors of 132 + (-8)/(-4) + n?
7, 19
Let s(c) = c**2 + 16*c + 23. Let l be s(-15). Suppose 5*j = l*j + 15. List the prime factors of (j - (0 - -1))/((-11)/352).
2, 3
List the prime factors of ((4374/45)/18)/(5/16725).
3, 223
Suppose 4 + 8 = 4*c. Let w(h) = h**c + 13 + 17 - 2*h**3. What are the prime factors of w(0)?
2, 3, 5
Let j(n) = -n**2 - 4*n + 16. Let l be j(-8). Let v(g) be the first derivative of -6*g**2 - 15*g + 19. List the prime factors of v(l).
3, 59
Suppose -4*x - 28*x + 128 = 0. Let b(s) = 2*s + s - 2 - 2*s. What are the prime factors of b(x)?
2
What are the prime factors of -2*(((-786335)/10)/17 - -1)?
3, 3083
Suppose -631*y - 27271 = -f - 635*y, -3*y = -4*f + 109027. What are the prime factors of f?
27259
Let n(b) = -b**3 - 19*b**2 - 18*b + 8. Let x be n(-18). Let y(l) = -l**3 + 12*l**2 + l - 34. List the prime factors of y(x).
2, 5, 23
Let x(p) = 30*p + 47. Let q(o) = o + 1. Let s(f) = 3*q(f) - x(f). What are the prime factors of s(-7)?
5, 29
Suppose -5*r = 3*o - 632 - 575, r - 243 = -o. Let m = r + 81. What are the prime factors of m?
2, 5
Let n = 7018 - -4744. List the prime factors of n.
2, 5881
Suppose 0 = -2*a - 3*t, -10*t + 9*t = -a. Suppose -3*m - 23 + 2543 = a. List the prime factors of m.
2, 3, 5, 7
What are the prime factors of 2433*((-5)/55)/(4/(-44))?
3, 811
Suppose 81 = h + b, 3*b = -5*h + 193 + 214. Let q(o) = -4*o - 7. Let y be q(-8). Suppose -y = 3*w - h. List the prime factors of w.
19
Suppose 3718 = u - 4*t, 10*u - 18573 = 5*u + 3*t. List the prime factors of u.
2, 3, 619
Suppose 2 = -25*d + 26*d. Suppose -d*t - 2 = 4*q, -6*q = -4*q + 6. Let v(k) = -k**3 + 12*k**2 - 6*k - 4. List the prime factors of v(t).
3, 47
Suppose 167*d - 171*d - f = 15, -5*d - f = 20. Let v(s) = s**3 - 3 + 3*s + 7*s - 2*s + 9*s**2. List the prime factors of v(d).
3, 19
Let w be (1/((-3)/(-12)))/((-2)/5). Suppose 2*r - 6 = 2. List the prime factors of ((-18)/(-15))/(r/w) - -211.
2, 13
Let a = 94 + 70. Let t = 366 - a. What are the prime factors of t?
2, 101
Let l(v) = 10*v**2 - 79*v - 4012. List the prime factors of l(-50).
2, 37, 337
Let y(g) = 31*g**2 - 45*g - 9. Let a be y(-18). Suppose 846*p - a = 837*p. What are the prime factors of p?
5, 241
List the prime factors of 68389/6 + 5*2/(-60).
2, 41, 139
Suppose -5*q = u + 47, 4*q + 4*u - 2 = 3*q. Let y be (40/(-50))/(((-2)/q)/(-1)). Suppose -5*d + 150 = 2*i - y*d, -5*d - 10 = 0. What are the prime factors of i?
2, 19
Suppose 2 = -2*c + 2*v, 6*v = 3*c + 10*v - 18. Let i = 1 - 1. Suppose c*z - 5*q - 119 = i, 9*z - 335 = 4*z + 5*q. What are the prime factors of z?
2, 3
Let j(a) = 25*a**3 + 6*a**2 - 9*a - 37. Let q be j(-7). List the prime factors of 3/12 - q/20.
7, 59
What are the prime factors of -13935*2/(70/(-21))?
3, 929
Let l = 4329 - 4104. What are the prime factors of l?
3, 5
Let f be (-2 + 43 + -1)*(-2160)/(-18). Suppose -3*s + b = -2880, 5*b - 8*b = -5*s + f. What are the prime factors of s?
2, 3, 5
Suppose 36*d - 31*d + 180 = 0. Let b(x) = -11*x + 103. List the prime factors of b(d).
499
What are the prime factors of (16 - 1550/20)*(-1396)/6?
41, 349
Let i = 1956 + -976. Suppose -3*b + i = 113. What are the prime factors of b?
17
Let z be (-72)/(-30) - (-2)/(-5). Suppose -4*g - 14148 = -3*h, z*g + 2*g - h + 14156 = 0. What are the prime factors of 2/(-7) + g/(-42)?
2, 3, 7
Let l(j) = j**2 - 16*j - 70. Suppose 4*y + 5*i = -0*i + 100, -2*y + 50 = 2*i. What are the prime factors of l(y)?
5, 31
Let z(b) = -144*b**2 - 2*b - 4. Suppose 0 = -3*v - w - 7, 3*v + 15 = 3*w + 12. Let p be z(v). What are the prime factors of (-4 - p/(-15))/(4/(-10))?
2, 53
Suppose -570 - 3998 = -a + 1741. What are the prime factors of a?
3, 701
Suppose -10 = -7*a + 2*l, 0*a - 4*a + 2*l + 4 = 0. Suppose 4*w - a*y = 1030 - 102, 472 = 2*w + y. What are the prime factors of w?
2, 3, 13
Suppose -7*r + 476125 = 54*r - 91358. List the prime factors of r.
3, 7, 443
Let o(k) = -k**2 - 63*k - 74. Let m be o(-50). Let f = m - -703. What are the prime factors of f?
1279
Suppose 88*o + 1085631 = 5314654 + 698625. What are the prime factors of o?
2, 13999
Let i = 85 + 33. Let r = -65 + i. Suppose 0 = r*d - 49*d - 804. What are the prime factors of d?
3, 67
Let x be (-3)/21 + (-78430)/(-161). Let k = x - -266. List the prime factors of k.
3, 251
Let n = -747 + 1185. Suppose b - 4*b = -n. Suppose b = 3*k + f, -f + 176 = 5*k - 70. What are the prime factors of k?
2, 5
Let x = -9850 - -22318. What are the prime factors of x?
2, 3, 1039
Suppose 4*x = -5*w + 4, -5*x - 9 + 14 = 5*w. What are the prime factors of 91 + (-7)/(7/2) - x?
2, 11
Let g(o) be the second derivative of o**3/6 + 20*o**2 - 15*o. Let m = 50 + -56. What are the prime factors of g(m)?
2, 17
Let b(j) = 3*j**3 + 2*j**2 - 2*j - 1. Suppose 52 = 11*h - 7*h. Suppose 33 = -2*u + h*u. List the prime factors of b(u).
2, 23
Let r(j) = -j**3 - 2*j + 3. Let c be r(0). Suppose -21 = -5*x - c*n, -3*n + 17 = 5*x - 2*n. List the prime factors of x/7 + (6340/(-14))/(-5).
7, 13
Suppose -12*r + 15*r - 183 = 0. Suppose -i + r = -51. Let t = i - 65. List the prime factors of t.
47
Let d(m) = 3*m**2 - 147*m - 161. What are the prime factors of d(53)?
5, 19
Suppose 4*q + 631 = 3*j, -2*q - 407 - 13 = -2*j. Let u = j - 111. List the prime factors of u.
2, 7
Suppose -66*a + 72*a = 42. Suppose a*x - 6180 = 3*x. What are the prime factors of x?
3, 5, 103
Let d(v) = v**2 - 5*v + 11. Let q be d(5). Let f = q - 7. Suppose 0 = -3*z - 4*x + 25, f*x + x - 26 = -2*z. What are the prime factors of z?
3
Let y = -34548 - -70599. List the prime factors of y.
3, 61, 197
What are the prime factors of ((-858)/(-1))/(866/(-174) - -5)?
3, 11, 13, 29
Let x(w) = -570*w + 120. List the prime factors of x(-37).
2, 3, 5, 7, 101
What are the prime factors of ((500/8)/5)/(50/67700)?
5, 677
Suppose 5*z + 4 = 3*h, 10 = -h - h - 3*z. Let a(v) = -50*v**2 - 3*v + 1. Let m be a(h). Let c = -106 - m. List the prime factors of c.
3, 29
Let l(w) = w**2 + 25*w + 24. Let s be l(-24). Let f be (-15 + 14)*(3*2 + s). List the prime factors of f/16*226*(-16)/6.
2, 113
Suppose -4*p - c - 484 = -7*p, -2*c = p - 159. Let i = p - -236. What are the prime factors of i?
397
Suppose 136 = 2*q + 126, -150859 = -2*m - q. What are the prime factors of m?
11, 6857
Let u(l) be the third derivative of -1/60*l**5 + 0*l + 1/8*l**4 + 5*l**2 + 3/2*l**3 + 0. What are the prime factors of u(4)?
5
Let n(h) = 14*h**2 - 4*h - 2. Let a be n(4). Let d = 11497 - 11497. Suppose 4*s - 59 = -2*g + 19, 4*g - 2*s - a = d. What are the prime factors of g?
7
Let f(p) = -5*p + 18. Let i be f(3). Suppose -i*l + 2*l = -20. What are the prime factors of (-35)/l*6*(-56)/6?
2, 7
Let r = 32185 - 19895. What are the prime factors of r?
2, 5, 1229
Let b(c) = 41*c + 20. Let u(k) = -k. Let y(p) = b(p) + 4*u(p). What are the prime factors of y(17)?
11, 59
Let u(i) be the third derivative of -i**4/12 - 7*i**3/3 - 84*i**2 - 2. Suppose 55 = -4*v - v. List the prime factors of u(v).
2
Let w(f) = -25*f + 45. Let k be w(22). Let q = 614 + k. List the prime factors of q.
109
Let w(r) = -r**3 - 10*r**2 + 4*r + 7. Let l(s) = 2*s + 11. Let g be l(-10). Let y be w(g). Let z = -40 - y. What are the prime factors of z?
2, 5, 7
Suppose 3*y - 83092 